e j(70).
-40
Let b(w) = 144*w + 1044. What is b(-5)?
324
Let b(p) = 27*p**2 + 5738*p - 8552. Determine b(-214).
8
Let i(g) = -g**2 + 9*g + 23524. Give i(-149).
-18
Let k(w) = 25*w**3 - 12*w**2 - 56*w - 122. Give k(-2).
-258
Let l(f) = 6*f**3 - 445*f**2 + 78*f - 364. Give l(74).
-68
Let h(a) = 7378*a + 66384. Determine h(-9).
-18
Let h(z) = 5098*z**2 + 45881*z - 35. Determine h(-9).
-26
Let z(o) = -3*o**2 + 375*o - 10556. Calculate z(82).
22
Let y(g) = -50894*g - 865223. Determine y(-17).
-25
Let a(g) = -24180*g - 531988. Give a(-22).
-28
Let t(f) = f**3 + 203*f**2 + 586*f - 2815. What is t(-200)?
-15
Let j(m) = -3*m**3 - 357*m**2 + 367*m + 63. Calculate j(-120).
-777
Let s(z) = -3*z**3 + 431*z**2 - 865*z - 1. Calculate s(2).
-31
Let g(h) = -513411*h - 34398544. Give g(-67).
-7
Let d(v) = 207*v**2 - 254783*v - 41841. What is d(1231)?
13
Let r(a) = -2426*a - 317814. Calculate r(-131).
-8
Let m(d) = 204*d - 4776. Determine m(26).
528
Let f(s) = -s**2 - 2422*s + 166819. Give f(67).
56
Let c(l) = -48148*l - 96284. Calculate c(-2).
12
Let m(y) = 36*y**2 - 416*y + 543. Calculate m(10).
-17
Let w(a) = a**2 - 2385*a + 1229777. Determine w(754).
3
Let x(g) = -g**3 - 31*g**2 - 224*g + 137. Determine x(-23).
1057
Let m(i) = -2*i**2 + 2826*i + 22653. Calculate m(-8).
-83
Let n(j) = 50*j**2 - 2033*j + 20455. Give n(10).
5125
Let i(y) = 9*y**3 - 295*y**2 - 1038*y - 169. Calculate i(36).
47
Let m(z) = 2*z**2 - 619*z + 47378. Determine m(139).
-21
Let y(i) = 14819*i - 489057. Give y(33).
-30
Let y(w) = 2637*w - 171122. Determine y(65).
283
Let v(i) = -i**3 + 135*i**2 - 156*i + 2887. Determine v(134).
-61
Let g(a) = 696*a**2 + 21574*a + 20. What is g(-31)?
82
Let m(k) = -3*k**2 - 231*k + 87945. Give m(137).
-9
Let x(b) = -86*b**2 + 1145*b - 378. What is x(13)?
-27
Let a(s) = -3*s**3 - 219*s**2 + 24*s - 450. What is a(-73)?
-2202
Let o(p) = -126*p + 2747. Give o(26).
-529
Let f(q) = -2957*q + 9024. Determine f(2).
3110
Let u(i) = -i**3 - 161*i**2 + 334*i + 1291. Calculate u(-163).
-13
Let u(q) = -q**3 - 71*q**2 + 188*q + 1153. Give u(-3).
-23
Let s(k) = -k**3 - 35*k**2 + 284*k + 10837. What is s(-34)?
25
Let n(c) = c**3 - 82*c**2 + 240*c - 188. Calculate n(79).
49
Let y(z) = -2*z**2 + 1453*z - 19924. Calculate y(14).
26
Let z(m) = 115*m**3 - 7473*m**2 - 141*m + 813. Calculate z(65).
98
Let f(i) = 3*i**2 - 1061*i + 2981. Determine f(351).
173
Let n(o) = -7*o**2 - 437*o + 3390. Determine n(-69).
216
Let f(j) = -4037*j - 299498. Give f(-74).
-760
Let z(j) = -18614*j - 130458. What is z(-7)?
-160
Let c(y) = -2*y**3 + 131*y**2 - 952*y - 973. Give c(57).
-4
Let l(f) = -f**3 - 4*f**2 - 390*f - 2992. Give l(-8).
384
Let s(a) = -a**2 - 42777*a - 213866. Determine s(-5).
-6
Let v(z) = 41*z**2 - 784*z + 231. Determine v(19).
136
Let y(j) = -678*j**3 + j**2 - 5436*j - 5437. Calculate y(-1).
678
Let m(f) = -29*f**3 + 1187*f**2 - 10918*f + 268. Calculate m(27).
-2
Let c(o) = -306*o - 15724. Determine c(-52).
188
Let k(d) = 9*d**2 - 609*d + 10118. What is k(38)?
-28
Let i(l) = 41*l - 2950. Determine i(79).
289
Let k(a) = 6*a**2 + 838*a + 4535. What is k(-6)?
-277
Let z(p) = -p**3 - 26*p**2 - 165*p - 8. What is z(-15)?
-8
Let q(x) = -x**3 - 22*x**2 + 59*x - 41. Calculate q(-24).
-305
Let t(n) = -n**2 - 7672*n + 76698. Determine t(10).
-122
Let t(x) = 49268*x - 443411. Give t(9).
1
Let y(l) = 107002*l - 2675044. Calculate y(25).
6
Let n(d) = -14*d**3 + 97*d**2 - 6*d + 90. Determine n(7).
-1
Let b(q) = q**3 + 14*q**2 - 11267*q - 79205. Calculate b(-7).
7
Let m(o) = 614*o**3 - o**2 + 12*o + 12. Give m(-1).
-615
Let x(z) = -2*z**3 + 5*z**2 + 199*z - 284. Calculate x(11).
-152
Let u(a) = -7*a**2 - 12151*a - 48561. What is u(-4)?
-69
Let m(c) = 4907*c + 1398492. Calculate m(-285).
-3
Let g(p) = p**2 + 97*p - 2608. Give g(22).
10
Let g(k) = 9*k**2 + 1262*k - 6294. Calculate g(5).
241
Let m(n) = n**3 - 9*n**2 + 154739*n - 1083072. What is m(7)?
3
Let f(j) = -13*j**2 + 48*j - 3. What is f(2)?
41
Let t(u) = 138*u**2 + 25514*u - 2964. Give t(-185).
-4
Let g(y) = -y**3 - 15*y**2 + 1588*y + 231. Give g(-48).
39
Let l(r) = -r**3 + 14*r**2 + 34*r - 672. Determine l(10).
68
Let x(p) = -p**3 + 418*p**2 - 9471*p + 5908. Give x(394).
-2
Let u(p) = 563*p - 72524. Calculate u(132).
1792
Let f(h) = 9*h**2 - 1336*h - 4134. Determine f(151).
-661
Let r(s) = 7*s**2 + 99*s - 1918. Calculate r(15).
1142
Let d(v) = -1142*v + 59661. Give d(52).
277
Let f(n) = n**3 - 31*n**2 - 2194*n + 67829. Give f(31).
-185
Let p(v) = -12*v**3 + 1402*v**2 + 235*v - 162. Determine p(117).
-45
Let c(k) = -k**3 - 7*k**2 - 271*k - 2204. Calculate c(-8).
28
Let u(m) = -m**2 - 30*m + 368. What is u(18)?
-496
Let u(l) = 22567*l**2 - 67657*l - 135. Give u(3).
-3
Let u(h) = -3*h**2 + 200*h - 2182. Calculate u(53).
-9
Let u(b) = -5*b**3 - 118*b**2 - 245*b + 302. Determine u(-3).
110
Let j(h) = -31*h**2 - 4145*h - 23756. Give j(-6).
-2
Let l(y) = -27*y**3 - 113*y**2 - 130*y + 2. Determine l(-2).
26
Let v(p) = -2*p**3 + 16*p**2 + 48*p - 168. Give v(10).
-88
Let a(n) = -10332*n - 268636. What is a(-26)?
-4
Let u(q) = 8*q**3 + 2*q**2 + 47*q + 107. Calculate u(-4).
-561
Let r(u) = -10*u + 224. Determine r(-6).
284
Let a(z) = z**3 - 102*z**2 - 142*z + 52331. Determine a(98).
-1
Let o(u) = 89*u**2 + 4583*u + 13748. Give o(-3).
800
Let z(b) = -b**3 - 48*b**2 - 46*b - 5229. What is z(-49)?
-574
Let l(r) = 359*r + 13684. Calculate l(-38).
42
Let s(x) = 10*x**3 + 34*x**2 + 4*x + 33. Give s(-3).
57
Let l(y) = -3*y**2 - 1003*y - 8918. Calculate l(-9).
-134
Let n(s) = -s**3 - 46*s**2 + 68*s + 943. Determine n(-47).
-44
Let b(m) = -4398*m + 136344. Calculate b(31).
6
Let y(f) = -55489*f - 55475. Determine y(-1).
14
Let y(u) = -2*u**2 + 1159*u - 77370. Calculate y(77).
15
Let q(w) = -201*w - 23977. Determine q(-120).
143
Let o(x) = x**3 - 10*x**2 - 11569*x + 104207. What is o(9)?
5
Let f(j) = -j**2 + 1164*j + 41557. Calculate f(-34).
825
Let c(k) = 3*k**2 - 5473*k + 43825. Determine c(8).
233
Let o(l) = 2*l**2 + 14258*l - 6500743. Determine o(430).
-3
Let c(j) = -11*j**3 - 93*j**2 + 172*j + 15. Calculate c(-10).
-5
Let j(w) = -5*w**3 - w**2 - 458*w + 916. Calculate j(2).
-44
Let u(m) = -13*m**3 - 581*m**2 + 187*m + 90. Calculate u(-45).
-225
Let i(t) = -212*t**2 + 333*t + 171. Give i(2).
-11
Let f(h) = 260*h - 51656. Give f(198).
-176
Let x(g) = 3391*g - 54181. Calculate x(16).
75
Let h(q) = 2*q**3 + 128*q**2 - 173*q - 2787. Determine h(-65).
8
Let o(q) = 3*q**2 - 736*q + 32261. Calculate o(57).
56
Let r(s) = -1067*s**2 + 18276*s - 2343. Calculate r(17).
-14
Let n(p) = -595*p**2 - 167*p - 4. What is n(-2)?
-2050
Let t(p) = -p**3 + 28*p**2 - 130*p + 347. Give t(20).
947
Let m(r) = r**2 + 690*r + 9571. Determine m(-14).
107
Let f(j) = -100854*j + 100860. What is f(1)?
6
Let o(m) = 1030*m - 3176. What is o(4)?
944
Let r(b) = 2*b**2 - 149*b - 9830. Calculate r(-41).
-359
Let r(o) = 82*o + 20288. Give r(-249).
-130
Let c(l) = 254*l + 2964. Calculate c(-2).
2456
Let d(t) = -25581*t + 2788323. Calculate d(109).
-6
Let b(h) = 256*h + 12714. Determine b(-41).
2218
Let v(i) = -2605*i**2 + 4940*i + 538. What is v(2)?
-2
Let v(b) = 16*b**3 + 6935*b**2 - 3898*b + 3474. Calculate v(-434).
2
Let p(f) = 121365*f + 5582761. What is p(-46)?
-29
Let k(j) = 41077*j - 3368292. Give k(82).
22
Let s(a) = 17*a**2 - 200*a - 153. What is s(12)?
-105
Let r(m) = 7*m**2 + 118*m + 57. Give r(-21).
666
Let r(g) = -19*g**2 - 4959*g - 24321. What is r(-5)?
-1
Let d(a) = -31218*a + 3246626. Determine d(104).
-46
Let j(y) = -111*y + 4666. Give j(40).
226
Let s(o) = 1955*o - 1122. Give s(1).
833
Let j(u) = u**3 + 12*u**2 - 80*u + 323. Calculate j(-19).
-684
Let s(l) = -l**3 - 53*l**2 - 167*l - 8835. Calculate s(-53).
16
Let y(s) = -471*s + 18329. Give y(39).
-40
Let y(n) = -n**3 + 19*n**2 + 1892*n - 119. What is y(54)?
-11
Let z(g) = g**3 - 1540*g**2 + 161249*g + 220. Calculate z(113).
-6
Let t(j) = 95354*j + 190698. Give t(-2).
-10
Let m(y) = y**3 - 192*y**2 + 951*y - 3005. Calculate m(187).
-13
Let r(c) = 5*c**2 + 5057*c - 65694. What is r(13)?
892
Let q(n) = -728*n - 37514. Determine q(-52).
342
Let g(w) = -780*w - 15972. What is g(-21)?
408
Let f(a) = -8*a**2 - 236*a - 980. What is f(-5)?
0
Let w(s) = 1657*s - 8287. Determine w(5).
-2
Let b(z) = 66*z**2 - 89*z. Determine b(